{"id":2723,"date":"2025-01-21T01:11:10","date_gmt":"2025-01-21T00:11:10","guid":{"rendered":"https:\/\/faraonklub.cz\/?page_id=2723"},"modified":"2025-02-16T17:13:31","modified_gmt":"2025-02-16T16:13:31","slug":"galerie-uspesnych","status":"publish","type":"page","link":"https:\/\/faraonklub.cz\/index.php\/galerie-uspesnych\/","title":{"rendered":"Galerie \u00fasp\u011b\u0161n\u00fdch"},"content":{"rendered":"\n<p>INT Brno 15.-16.2.2025<\/p>\n\n\n\n<ul>\n<li>Nov\u00fd \u010cMKU Champion &#8211; Red Calluna\u2019s Close to the Flame<\/li>\n\n\n\n<li>Nov\u00fd \u010cesk\u00fd Junior Champion &#8211; Litlar&#8217;s Niju Falerno<\/li>\n<\/ul>\n\n\n\n<hr class=\"wp-block-separator has-alpha-channel-opacity is-style-wide\"\/>\n\n\n\n<div class=\"wp-block-columns is-layout-flex wp-container-core-columns-layout-1 wp-block-columns-is-layout-flex\">\n<div class=\"wp-block-column is-layout-flow wp-block-column-is-layout-flow\" style=\"flex-basis:66.66%\">\n<figure class=\"wp-block-gallery has-nested-images columns-default is-cropped wp-block-gallery-1 is-layout-flex wp-block-gallery-is-layout-flex\">\n<figure data-wp-context=\"{ &quot;core&quot;:\n\t\t\t\t{ &quot;image&quot;:\n\t\t\t\t\t{   &quot;imageLoaded&quot;: false,\n\t\t\t\t\t\t&quot;initialized&quot;: false,\n\t\t\t\t\t\t&quot;lightboxEnabled&quot;: false,\n\t\t\t\t\t\t&quot;hideAnimationEnabled&quot;: false,\n\t\t\t\t\t\t&quot;preloadInitialized&quot;: false,\n\t\t\t\t\t\t&quot;lightboxAnimation&quot;: &quot;zoom&quot;,\n\t\t\t\t\t\t&quot;imageUploadedSrc&quot;: &quot;https:\/\/faraonklub.cz\/wp-content\/uploads\/2025\/01\/image-57.png&quot;,\n\t\t\t\t\t\t&quot;imageCurrentSrc&quot;: &quot;&quot;,\n\t\t\t\t\t\t&quot;targetWidth&quot;: &quot;1620&quot;,\n\t\t\t\t\t\t&quot;targetHeight&quot;: &quot;1080&quot;,\n\t\t\t\t\t\t&quot;scaleAttr&quot;: &quot;&quot;,\n\t\t\t\t\t\t&quot;dialogLabel&quot;: &quot;Zv\u011bt\u0161en\u00fd obr\u00e1zek&quot;\n\t\t\t\t\t}\n\t\t\t\t}\n\t\t\t}\" data-wp-interactive class=\"wp-block-image size-large wp-lightbox-container\"><img loading=\"lazy\" decoding=\"async\" width=\"1024\" height=\"683\" data-wp-effect--setStylesOnResize=\"effects.core.image.setStylesOnResize\" data-wp-effect=\"effects.core.image.setButtonStyles\" data-wp-init=\"effects.core.image.initOriginImage\" data-wp-on--click=\"actions.core.image.showLightbox\" data-wp-on--load=\"actions.core.image.handleLoad\" src=\"https:\/\/faraonklub.cz\/wp-content\/uploads\/2025\/01\/image-57-1024x683.png\" alt=\"\" class=\"wp-image-2844\" srcset=\"https:\/\/faraonklub.cz\/wp-content\/uploads\/2025\/01\/image-57-1024x683.png 1024w, https:\/\/faraonklub.cz\/wp-content\/uploads\/2025\/01\/image-57-300x200.png 300w, https:\/\/faraonklub.cz\/wp-content\/uploads\/2025\/01\/image-57-768x512.png 768w, https:\/\/faraonklub.cz\/wp-content\/uploads\/2025\/01\/image-57-1536x1024.png 1536w, https:\/\/faraonklub.cz\/wp-content\/uploads\/2025\/01\/image-57.png 1620w\" sizes=\"(max-width: 1024px) 100vw, 1024px\" \/><button\n\t\t\tclass=\"lightbox-trigger\"\n\t\t\ttype=\"button\"\n\t\t\taria-haspopup=\"dialog\"\n\t\t\taria-label=\"Zv\u011bt\u0161it obr\u00e1zek\"\n\t\t\tdata-wp-on--click=\"actions.core.image.showLightbox\"\n\t\t\tdata-wp-style--right=\"context.core.image.imageButtonRight\"\n\t\t\tdata-wp-style--top=\"context.core.image.imageButtonTop\"\n\t\t>\n\t\t\t<svg xmlns=\"http:\/\/www.w3.org\/2000\/svg\" width=\"12\" height=\"12\" fill=\"none\" viewBox=\"0 0 12 12\">\n\t\t\t\t<path fill=\"#fff\" d=\"M2 0a2 2 0 0 0-2 2v2h1.5V2a.5.5 0 0 1 .5-.5h2V0H2Zm2 10.5H2a.5.5 0 0 1-.5-.5V8H0v2a2 2 0 0 0 2 2h2v-1.5ZM8 12v-1.5h2a.5.5 0 0 0 .5-.5V8H12v2a2 2 0 0 1-2 2H8Zm2-12a2 2 0 0 1 2 2v2h-1.5V2a.5.5 0 0 0-.5-.5H8V0h2Z\" \/>\n\t\t\t<\/svg>\n\t\t<\/button><figcaption class=\"wp-element-caption\">foto: majitel<\/figcaption>        <div data-wp-body=\"\" class=\"wp-lightbox-overlay zoom\"\n            data-wp-bind--role=\"selectors.core.image.roleAttribute\"\n            data-wp-bind--aria-label=\"selectors.core.image.dialogLabel\"\n            data-wp-class--initialized=\"context.core.image.initialized\"\n            data-wp-class--active=\"context.core.image.lightboxEnabled\"\n            data-wp-class--hideAnimationEnabled=\"context.core.image.hideAnimationEnabled\"\n            data-wp-bind--aria-modal=\"selectors.core.image.ariaModal\"\n            data-wp-effect=\"effects.core.image.initLightbox\"\n            data-wp-on--keydown=\"actions.core.image.handleKeydown\"\n            data-wp-on--touchstart=\"actions.core.image.handleTouchStart\"\n            data-wp-on--touchmove=\"actions.core.image.handleTouchMove\"\n            data-wp-on--touchend=\"actions.core.image.handleTouchEnd\"\n            data-wp-on--click=\"actions.core.image.hideLightbox\"\n            tabindex=\"-1\"\n            >\n                <button type=\"button\" aria-label=\"Zav\u0159\u00edt\" style=\"fill: #000\" class=\"close-button\" data-wp-on--click=\"actions.core.image.hideLightbox\">\n                    <svg xmlns=\"http:\/\/www.w3.org\/2000\/svg\" viewBox=\"0 0 24 24\" width=\"20\" height=\"20\" aria-hidden=\"true\" focusable=\"false\"><path d=\"M13 11.8l6.1-6.3-1-1-6.1 6.2-6.1-6.2-1 1 6.1 6.3-6.5 6.7 1 1 6.5-6.6 6.5 6.6 1-1z\"><\/path><\/svg>\n                <\/button>\n                <div class=\"lightbox-image-container\">\n<figure class=\"wp-block-image size-large responsive-image\"><img decoding=\"async\" data-wp-bind--src=\"context.core.image.imageCurrentSrc\" data-wp-style--object-fit=\"selectors.core.image.lightboxObjectFit\" src=\"\" alt=\"\" class=\"wp-image-2844\"\/><figcaption class=\"wp-element-caption\">foto: majitel<\/figcaption><\/figure>\n<\/div>\n                <div class=\"lightbox-image-container\">\n<figure class=\"wp-block-image size-large enlarged-image\"><img decoding=\"async\" data-wp-bind--src=\"selectors.core.image.enlargedImgSrc\" data-wp-style--object-fit=\"selectors.core.image.lightboxObjectFit\" src=\"\" alt=\"\" class=\"wp-image-2844\"\/><figcaption class=\"wp-element-caption\">foto: majitel<\/figcaption><\/figure>\n<\/div>\n                <div class=\"scrim\" style=\"background-color: #fff\" aria-hidden=\"true\"><\/div>\n        <\/div><\/figure>\n\n\n\n<figure data-wp-context=\"{ &quot;core&quot;:\n\t\t\t\t{ &quot;image&quot;:\n\t\t\t\t\t{   &quot;imageLoaded&quot;: false,\n\t\t\t\t\t\t&quot;initialized&quot;: false,\n\t\t\t\t\t\t&quot;lightboxEnabled&quot;: false,\n\t\t\t\t\t\t&quot;hideAnimationEnabled&quot;: false,\n\t\t\t\t\t\t&quot;preloadInitialized&quot;: false,\n\t\t\t\t\t\t&quot;lightboxAnimation&quot;: &quot;zoom&quot;,\n\t\t\t\t\t\t&quot;imageUploadedSrc&quot;: &quot;https:\/\/faraonklub.cz\/wp-content\/uploads\/2025\/01\/image-56.png&quot;,\n\t\t\t\t\t\t&quot;imageCurrentSrc&quot;: &quot;&quot;,\n\t\t\t\t\t\t&quot;targetWidth&quot;: &quot;1080&quot;,\n\t\t\t\t\t\t&quot;targetHeight&quot;: &quot;720&quot;,\n\t\t\t\t\t\t&quot;scaleAttr&quot;: &quot;&quot;,\n\t\t\t\t\t\t&quot;dialogLabel&quot;: &quot;Zv\u011bt\u0161en\u00fd obr\u00e1zek&quot;\n\t\t\t\t\t}\n\t\t\t\t}\n\t\t\t}\" data-wp-interactive class=\"wp-block-image size-large wp-lightbox-container\"><img loading=\"lazy\" decoding=\"async\" width=\"1024\" height=\"683\" data-wp-effect--setStylesOnResize=\"effects.core.image.setStylesOnResize\" data-wp-effect=\"effects.core.image.setButtonStyles\" data-wp-init=\"effects.core.image.initOriginImage\" data-wp-on--click=\"actions.core.image.showLightbox\" data-wp-on--load=\"actions.core.image.handleLoad\" src=\"https:\/\/faraonklub.cz\/wp-content\/uploads\/2025\/01\/image-56-1024x683.png\" alt=\"\" class=\"wp-image-2841\" srcset=\"https:\/\/faraonklub.cz\/wp-content\/uploads\/2025\/01\/image-56-1024x683.png 1024w, https:\/\/faraonklub.cz\/wp-content\/uploads\/2025\/01\/image-56-300x200.png 300w, https:\/\/faraonklub.cz\/wp-content\/uploads\/2025\/01\/image-56-768x512.png 768w, https:\/\/faraonklub.cz\/wp-content\/uploads\/2025\/01\/image-56.png 1080w\" sizes=\"(max-width: 1024px) 100vw, 1024px\" \/><button\n\t\t\tclass=\"lightbox-trigger\"\n\t\t\ttype=\"button\"\n\t\t\taria-haspopup=\"dialog\"\n\t\t\taria-label=\"Zv\u011bt\u0161it obr\u00e1zek\"\n\t\t\tdata-wp-on--click=\"actions.core.image.showLightbox\"\n\t\t\tdata-wp-style--right=\"context.core.image.imageButtonRight\"\n\t\t\tdata-wp-style--top=\"context.core.image.imageButtonTop\"\n\t\t>\n\t\t\t<svg xmlns=\"http:\/\/www.w3.org\/2000\/svg\" width=\"12\" height=\"12\" fill=\"none\" viewBox=\"0 0 12 12\">\n\t\t\t\t<path fill=\"#fff\" d=\"M2 0a2 2 0 0 0-2 2v2h1.5V2a.5.5 0 0 1 .5-.5h2V0H2Zm2 10.5H2a.5.5 0 0 1-.5-.5V8H0v2a2 2 0 0 0 2 2h2v-1.5ZM8 12v-1.5h2a.5.5 0 0 0 .5-.5V8H12v2a2 2 0 0 1-2 2H8Zm2-12a2 2 0 0 1 2 2v2h-1.5V2a.5.5 0 0 0-.5-.5H8V0h2Z\" \/>\n\t\t\t<\/svg>\n\t\t<\/button><figcaption class=\"wp-element-caption\">foto:&nbsp;<a href=\"https:\/\/www.facebook.com\/dagmar.keberlova?__cft__[0]=AZUwMN_FX95ALdviw82lsEUfylKH8FbxTfZ80ResuDE_pAX1w8_NPFcbYfyC5tQBXALcA0pDa3kZXY7EEbTdC0RKXzwXxSbk9MjK_hukdgItMlgZpxp8l-Zbv9nnPT7k3M9TAulLkTzZiRXwEHVWBAjp8dT2xCgipUpRDwWIxmt0jQ&amp;__tn__=-]K-R\" target=\"_blank\" rel=\"noreferrer noopener\">D\u00e1\u0161a Keberlov\u00e1<\/a><\/figcaption>        <div data-wp-body=\"\" class=\"wp-lightbox-overlay zoom\"\n            data-wp-bind--role=\"selectors.core.image.roleAttribute\"\n            data-wp-bind--aria-label=\"selectors.core.image.dialogLabel\"\n            data-wp-class--initialized=\"context.core.image.initialized\"\n            data-wp-class--active=\"context.core.image.lightboxEnabled\"\n            data-wp-class--hideAnimationEnabled=\"context.core.image.hideAnimationEnabled\"\n            data-wp-bind--aria-modal=\"selectors.core.image.ariaModal\"\n            data-wp-effect=\"effects.core.image.initLightbox\"\n            data-wp-on--keydown=\"actions.core.image.handleKeydown\"\n            data-wp-on--touchstart=\"actions.core.image.handleTouchStart\"\n            data-wp-on--touchmove=\"actions.core.image.handleTouchMove\"\n            data-wp-on--touchend=\"actions.core.image.handleTouchEnd\"\n            data-wp-on--click=\"actions.core.image.hideLightbox\"\n            tabindex=\"-1\"\n            >\n                <button type=\"button\" aria-label=\"Zav\u0159\u00edt\" style=\"fill: #000\" class=\"close-button\" data-wp-on--click=\"actions.core.image.hideLightbox\">\n                    <svg xmlns=\"http:\/\/www.w3.org\/2000\/svg\" viewBox=\"0 0 24 24\" width=\"20\" height=\"20\" aria-hidden=\"true\" focusable=\"false\"><path d=\"M13 11.8l6.1-6.3-1-1-6.1 6.2-6.1-6.2-1 1 6.1 6.3-6.5 6.7 1 1 6.5-6.6 6.5 6.6 1-1z\"><\/path><\/svg>\n                <\/button>\n                <div class=\"lightbox-image-container\">\n<figure class=\"wp-block-image size-large responsive-image\"><img decoding=\"async\" data-wp-bind--src=\"context.core.image.imageCurrentSrc\" data-wp-style--object-fit=\"selectors.core.image.lightboxObjectFit\" src=\"\" alt=\"\" class=\"wp-image-2841\"\/><figcaption class=\"wp-element-caption\">foto:&nbsp;<a href=\"https:\/\/www.facebook.com\/dagmar.keberlova?__cft__[0]=AZUwMN_FX95ALdviw82lsEUfylKH8FbxTfZ80ResuDE_pAX1w8_NPFcbYfyC5tQBXALcA0pDa3kZXY7EEbTdC0RKXzwXxSbk9MjK_hukdgItMlgZpxp8l-Zbv9nnPT7k3M9TAulLkTzZiRXwEHVWBAjp8dT2xCgipUpRDwWIxmt0jQ&amp;__tn__=-]K-R\" target=\"_blank\" rel=\"noreferrer noopener\">D\u00e1\u0161a Keberlov\u00e1<\/a><\/figcaption><\/figure>\n<\/div>\n                <div class=\"lightbox-image-container\">\n<figure class=\"wp-block-image size-large enlarged-image\"><img decoding=\"async\" data-wp-bind--src=\"selectors.core.image.enlargedImgSrc\" data-wp-style--object-fit=\"selectors.core.image.lightboxObjectFit\" src=\"\" alt=\"\" class=\"wp-image-2841\"\/><figcaption class=\"wp-element-caption\">foto:&nbsp;<a href=\"https:\/\/www.facebook.com\/dagmar.keberlova?__cft__[0]=AZUwMN_FX95ALdviw82lsEUfylKH8FbxTfZ80ResuDE_pAX1w8_NPFcbYfyC5tQBXALcA0pDa3kZXY7EEbTdC0RKXzwXxSbk9MjK_hukdgItMlgZpxp8l-Zbv9nnPT7k3M9TAulLkTzZiRXwEHVWBAjp8dT2xCgipUpRDwWIxmt0jQ&amp;__tn__=-]K-R\" target=\"_blank\" rel=\"noreferrer noopener\">D\u00e1\u0161a Keberlov\u00e1<\/a><\/figcaption><\/figure>\n<\/div>\n                <div class=\"scrim\" style=\"background-color: #fff\" aria-hidden=\"true\"><\/div>\n        <\/div><\/figure>\n<\/figure>\n<\/div>\n\n\n\n<div class=\"wp-block-column is-layout-flow wp-block-column-is-layout-flow\" style=\"flex-basis:33.33%\">\n<p>01\/2025 <em><strong>Nov\u011b<\/strong>&nbsp;spln\u011bn\u00e9&nbsp;<strong>licence<\/strong>, faraon:<\/em><br>\u2013 Red Calluna\u2019s Close to the Flame<br>\u2013 Chipangali\u2019s Amahele Rising Diamond<\/p>\n<\/div>\n<\/div>\n\n\n\n<hr class=\"wp-block-separator has-alpha-channel-opacity is-style-wide\"\/>\n\n\n\n<div class=\"wp-block-columns is-layout-flex wp-container-core-columns-layout-2 wp-block-columns-is-layout-flex\">\n<div class=\"wp-block-column is-vertically-aligned-center is-layout-flow wp-block-column-is-layout-flow\" style=\"flex-basis:66.66%\">\n<p class=\"has-text-align-center\">01\/2025 Portugalsk\u00fd podengo velk\u00fd, hladkosrst\u00fd:<br>Bufao Bando de Campo \u2013 8,5 m\u011bs\u00edc\u016f<br>(o: Ventura do Vale de Fermendo, m: Ziwa do Vale de Fermedo)<br>7x Velmi nad\u011bjn\u00fd 1<br>BIS Baby \u2013 3.m\u00edsto<br>res. BIS Puppy<br>BIS Puppy<br>Majitel:&nbsp;<a href=\"https:\/\/www.facebook.com\/marketa.karbanova\" target=\"_blank\" rel=\"noreferrer noopener\">Karbanov\u00e1 Vozabule Mark\u00e9ta<\/a><br>Chovatelka:&nbsp;<a href=\"https:\/\/www.facebook.com\/ilona.pachtova\" target=\"_blank\" rel=\"noreferrer noopener\">Ilona Pachtov\u00e1.<\/a>&nbsp;<em>Gratulujeme!<\/em><br>foto: majitel<\/p>\n<\/div>\n\n\n\n<div class=\"wp-block-column is-layout-flow wp-block-column-is-layout-flow\" style=\"flex-basis:33.33%\">\n<figure class=\"wp-block-image size-large\"><img loading=\"lazy\" decoding=\"async\" width=\"701\" height=\"1024\" src=\"https:\/\/faraonklub.cz\/wp-content\/uploads\/2025\/01\/image-60-701x1024.png\" alt=\"\" class=\"wp-image-2859\" srcset=\"https:\/\/faraonklub.cz\/wp-content\/uploads\/2025\/01\/image-60-701x1024.png 701w, https:\/\/faraonklub.cz\/wp-content\/uploads\/2025\/01\/image-60-205x300.png 205w, https:\/\/faraonklub.cz\/wp-content\/uploads\/2025\/01\/image-60-768x1123.png 768w, https:\/\/faraonklub.cz\/wp-content\/uploads\/2025\/01\/image-60-1051x1536.png 1051w, https:\/\/faraonklub.cz\/wp-content\/uploads\/2025\/01\/image-60.png 1401w\" sizes=\"(max-width: 701px) 100vw, 701px\" \/><\/figure>\n<\/div>\n<\/div>\n\n\n\n<hr class=\"wp-block-separator has-alpha-channel-opacity is-style-wide\"\/>\n\n\n\n<div class=\"wp-block-columns is-layout-flex wp-container-core-columns-layout-3 wp-block-columns-is-layout-flex\">\n<div class=\"wp-block-column is-layout-flow wp-block-column-is-layout-flow\" style=\"flex-basis:45%\">\n<figure data-wp-context=\"{ &quot;core&quot;:\n\t\t\t\t{ &quot;image&quot;:\n\t\t\t\t\t{   &quot;imageLoaded&quot;: false,\n\t\t\t\t\t\t&quot;initialized&quot;: false,\n\t\t\t\t\t\t&quot;lightboxEnabled&quot;: false,\n\t\t\t\t\t\t&quot;hideAnimationEnabled&quot;: false,\n\t\t\t\t\t\t&quot;preloadInitialized&quot;: false,\n\t\t\t\t\t\t&quot;lightboxAnimation&quot;: &quot;zoom&quot;,\n\t\t\t\t\t\t&quot;imageUploadedSrc&quot;: &quot;https:\/\/faraonklub.cz\/wp-content\/uploads\/2025\/01\/image-33.png&quot;,\n\t\t\t\t\t\t&quot;imageCurrentSrc&quot;: &quot;&quot;,\n\t\t\t\t\t\t&quot;targetWidth&quot;: &quot;2048&quot;,\n\t\t\t\t\t\t&quot;targetHeight&quot;: &quot;1365&quot;,\n\t\t\t\t\t\t&quot;scaleAttr&quot;: &quot;&quot;,\n\t\t\t\t\t\t&quot;dialogLabel&quot;: &quot;Zv\u011bt\u0161en\u00fd obr\u00e1zek&quot;\n\t\t\t\t\t}\n\t\t\t\t}\n\t\t\t}\" data-wp-interactive class=\"wp-block-image size-large wp-lightbox-container\"><img loading=\"lazy\" decoding=\"async\" width=\"1024\" height=\"683\" data-wp-effect--setStylesOnResize=\"effects.core.image.setStylesOnResize\" data-wp-effect=\"effects.core.image.setButtonStyles\" data-wp-init=\"effects.core.image.initOriginImage\" data-wp-on--click=\"actions.core.image.showLightbox\" data-wp-on--load=\"actions.core.image.handleLoad\" src=\"https:\/\/faraonklub.cz\/wp-content\/uploads\/2025\/01\/image-33-1024x683.png\" alt=\"\" class=\"wp-image-2724\" srcset=\"https:\/\/faraonklub.cz\/wp-content\/uploads\/2025\/01\/image-33-1024x683.png 1024w, https:\/\/faraonklub.cz\/wp-content\/uploads\/2025\/01\/image-33-300x200.png 300w, https:\/\/faraonklub.cz\/wp-content\/uploads\/2025\/01\/image-33-768x512.png 768w, https:\/\/faraonklub.cz\/wp-content\/uploads\/2025\/01\/image-33-1536x1024.png 1536w, https:\/\/faraonklub.cz\/wp-content\/uploads\/2025\/01\/image-33.png 2048w\" sizes=\"(max-width: 1024px) 100vw, 1024px\" \/><button\n\t\t\tclass=\"lightbox-trigger\"\n\t\t\ttype=\"button\"\n\t\t\taria-haspopup=\"dialog\"\n\t\t\taria-label=\"Zv\u011bt\u0161it obr\u00e1zek\"\n\t\t\tdata-wp-on--click=\"actions.core.image.showLightbox\"\n\t\t\tdata-wp-style--right=\"context.core.image.imageButtonRight\"\n\t\t\tdata-wp-style--top=\"context.core.image.imageButtonTop\"\n\t\t>\n\t\t\t<svg xmlns=\"http:\/\/www.w3.org\/2000\/svg\" width=\"12\" height=\"12\" fill=\"none\" viewBox=\"0 0 12 12\">\n\t\t\t\t<path fill=\"#fff\" d=\"M2 0a2 2 0 0 0-2 2v2h1.5V2a.5.5 0 0 1 .5-.5h2V0H2Zm2 10.5H2a.5.5 0 0 1-.5-.5V8H0v2a2 2 0 0 0 2 2h2v-1.5ZM8 12v-1.5h2a.5.5 0 0 0 .5-.5V8H12v2a2 2 0 0 1-2 2H8Zm2-12a2 2 0 0 1 2 2v2h-1.5V2a.5.5 0 0 0-.5-.5H8V0h2Z\" \/>\n\t\t\t<\/svg>\n\t\t<\/button>        <div data-wp-body=\"\" class=\"wp-lightbox-overlay zoom\"\n            data-wp-bind--role=\"selectors.core.image.roleAttribute\"\n            data-wp-bind--aria-label=\"selectors.core.image.dialogLabel\"\n            data-wp-class--initialized=\"context.core.image.initialized\"\n            data-wp-class--active=\"context.core.image.lightboxEnabled\"\n            data-wp-class--hideAnimationEnabled=\"context.core.image.hideAnimationEnabled\"\n            data-wp-bind--aria-modal=\"selectors.core.image.ariaModal\"\n            data-wp-effect=\"effects.core.image.initLightbox\"\n            data-wp-on--keydown=\"actions.core.image.handleKeydown\"\n            data-wp-on--touchstart=\"actions.core.image.handleTouchStart\"\n            data-wp-on--touchmove=\"actions.core.image.handleTouchMove\"\n            data-wp-on--touchend=\"actions.core.image.handleTouchEnd\"\n            data-wp-on--click=\"actions.core.image.hideLightbox\"\n            tabindex=\"-1\"\n            >\n                <button type=\"button\" aria-label=\"Zav\u0159\u00edt\" style=\"fill: #000\" class=\"close-button\" data-wp-on--click=\"actions.core.image.hideLightbox\">\n                    <svg xmlns=\"http:\/\/www.w3.org\/2000\/svg\" viewBox=\"0 0 24 24\" width=\"20\" height=\"20\" aria-hidden=\"true\" focusable=\"false\"><path d=\"M13 11.8l6.1-6.3-1-1-6.1 6.2-6.1-6.2-1 1 6.1 6.3-6.5 6.7 1 1 6.5-6.6 6.5 6.6 1-1z\"><\/path><\/svg>\n                <\/button>\n                <div class=\"lightbox-image-container\">\n<figure class=\"wp-block-image size-large responsive-image\"><img decoding=\"async\" data-wp-bind--src=\"context.core.image.imageCurrentSrc\" data-wp-style--object-fit=\"selectors.core.image.lightboxObjectFit\" src=\"\" alt=\"\" class=\"wp-image-2724\"\/><\/figure>\n<\/div>\n                <div class=\"lightbox-image-container\">\n<figure class=\"wp-block-image size-large enlarged-image\"><img decoding=\"async\" data-wp-bind--src=\"selectors.core.image.enlargedImgSrc\" data-wp-style--object-fit=\"selectors.core.image.lightboxObjectFit\" src=\"\" alt=\"\" class=\"wp-image-2724\"\/><\/figure>\n<\/div>\n                <div class=\"scrim\" style=\"background-color: #fff\" aria-hidden=\"true\"><\/div>\n        <\/div><\/figure>\n\n\n\n<p class=\"has-text-align-center\">foto: <a href=\"https:\/\/www.facebook.com\/fotozabranska?__cft__[0]=AZXUqXHWCoRjazb2omwEyag0VdEjfF6oue0iLLnYOr76SWV55Q6z-fzUHMX-8o9mZ4j72aN_H-47ioLxMkelRCtdek8zimagsNLnPX11c9UWxrsXdgJh07BSE5ySlncRVVW-LZJ2LlWibCVyo3YaL6l8da6a7OdMiFrXxKlfzpdCjg&amp;__tn__=-]K-R\" target=\"_blank\" rel=\"noreferrer noopener\">Aneta Z\u00e1bransk\u00e1<\/a><br>majitel: <a href=\"https:\/\/www.facebook.com\/eva.martinson?__cft__[0]=AZXUqXHWCoRjazb2omwEyag0VdEjfF6oue0iLLnYOr76SWV55Q6z-fzUHMX-8o9mZ4j72aN_H-47ioLxMkelRCtdek8zimagsNLnPX11c9UWxrsXdgJh07BSE5ySlncRVVW-LZJ2LlWibCVyo3YaL6l8da6a7OdMiFrXxKlfzpdCjg&amp;__tn__=-UC*F\" target=\"_blank\" rel=\"noreferrer noopener\">Eva Tereza Martinson<\/a><\/p>\n<\/div>\n\n\n\n<div class=\"wp-block-column is-layout-flow wp-block-column-is-layout-flow\" style=\"flex-basis:66.66%\">\n<p class=\"has-text-align-center\">20.01.2025<br>New CZECH BEAUTY CHAMPION <a href=\"https:\/\/pharaohhound.breedarchive.com\/animal\/view\/red-callunas-close-to-the-flame-0059d21e-2d3f-423b-81e8-24a1d2ee5144\" target=\"_blank\" rel=\"noreferrer noopener\">Red Calluna&#8217;s Close to the Flame<\/a> &#8222;Sarmi&#8220;<img loading=\"lazy\" decoding=\"async\" height=\"16\" width=\"16\" src=\"https:\/\/static.xx.fbcdn.net\/images\/emoji.php\/v9\/tbf\/1\/16\/2764_200d_1f525.png\" alt=\"\u2764\ufe0f\u200d\ud83d\udd25\"><\/p>\n\n\n\n<p class=\"has-text-align-center\">This is Sarmi&#8217;s first &#8222;adult&#8220; title! In his 2,5 years, he owns these titles so far: Jun.C.I.B. &#8211; Junior International Beauty Champion; CZ JCH \u2013 Czech Junior Champion; SK JCH \u2013 Slovakian Junior Champion; AT JCH \u2013 Austrian Junior Champion; EuSig JW 2023 &#8211; Euro Junior Sighthound Winner 2023<\/p>\n\n\n\n<p class=\"has-text-align-center\">Junior Danube winner 2023; \u00d6sterreichischer Bundesjugendsieger 2023; \u00d6sterreichischer Bundessieger <a><\/a>2024; Danube winner 2024 and 2 x Crufts qualification.<\/p>\n\n\n\n<p class=\"has-text-align-center\">1st place JUNIOR BEST IN GROUP V. in FINALS<\/p>\n<\/div>\n<\/div>\n","protected":false},"excerpt":{"rendered":"<p>INT Brno 15.-16.2.2025 01\/2025 Nov\u011b&nbsp;spln\u011bn\u00e9&nbsp;licence, faraon:\u2013 Red Calluna\u2019s Close to the Flame\u2013 Chipangali\u2019s Amahele Rising Diamond 01\/2025 Portugalsk\u00fd podengo velk\u00fd, hladkosrst\u00fd:Bufao Bando de Campo \u2013 8,5 m\u011bs\u00edc\u016f(o: Ventura do Vale &#8230;<\/p>\n","protected":false},"author":1,"featured_media":0,"parent":0,"menu_order":0,"comment_status":"closed","ping_status":"closed","template":"","meta":{"footnotes":"","_links_to":"","_links_to_target":""},"_links":{"self":[{"href":"https:\/\/faraonklub.cz\/index.php\/wp-json\/wp\/v2\/pages\/2723"}],"collection":[{"href":"https:\/\/faraonklub.cz\/index.php\/wp-json\/wp\/v2\/pages"}],"about":[{"href":"https:\/\/faraonklub.cz\/index.php\/wp-json\/wp\/v2\/types\/page"}],"author":[{"embeddable":true,"href":"https:\/\/faraonklub.cz\/index.php\/wp-json\/wp\/v2\/users\/1"}],"replies":[{"embeddable":true,"href":"https:\/\/faraonklub.cz\/index.php\/wp-json\/wp\/v2\/comments?post=2723"}],"version-history":[{"count":8,"href":"https:\/\/faraonklub.cz\/index.php\/wp-json\/wp\/v2\/pages\/2723\/revisions"}],"predecessor-version":[{"id":2951,"href":"https:\/\/faraonklub.cz\/index.php\/wp-json\/wp\/v2\/pages\/2723\/revisions\/2951"}],"wp:attachment":[{"href":"https:\/\/faraonklub.cz\/index.php\/wp-json\/wp\/v2\/media?parent=2723"}],"curies":[{"name":"wp","href":"https:\/\/api.w.org\/{rel}","templated":true}]}}